)
5
Calculate -4 + 0 + 5 + 0.
1
Evaluate (32 + -33 - (1 - 0)) + 3.
1
Evaluate -3 + -4 + 2 - -8.
3
What is the value of -5 + 0 - (-18 + 10)?
3
What is the value of -1 - (-3 - (0 + 1))?
3
3 - (7 + 3 + -2)
-5
What is the value of (-109 - -114) + 1 + -1 + -7?
-2
What is (4 - 0 - 8) + (3 - -2)?
1
What is 3 + (6 - (16 - 7))?
0
What is (1 + -1 - 2) + -2 - -3?
-1
Evaluate 10 + -3 + -3 + -2.
2
3 + (-3 - 2) + (17 - 12)
3
0 - (0 - 6) - 3
3
Evaluate (-5 - -4) + 6 + (-2 - -7).
10
Evaluate -14 + (2 - -7 - 1).
-6
Evaluate -7 - (-9 + -6) - 1.
7
1 - (17 - (5 + -1) - 4)
-8
Evaluate (-4 - 15) + -24 + 37.
-6
3 - (6 + -6 + 0) - 4
-1
What is the value of -8 - (-3 - (7 + -10))?
-8
Calculate -1 + 0 + 6 + -7.
-2
What is 4 + (-2 - 1) + -3?
-2
Calculate 3 + (2 - 7) + (2 - 2).
-2
What is 4 + (8 + -16 - -2)?
-2
What is (-69 - -70) + (1 - 5) + 12?
9
Evaluate -4 + (-3 - -4 - -4).
1
4 + 10 + -22 + 4
-4
What is the value of -3 + (4 - 3) + 0 - 3?
-5
Calculate (-4 - (-1 - -2 - 5)) + 0.
0
-2 + (1 - (-5 + 0)) - 2
2
What is 6 + -8 + 0 + -2?
-4
-3 - (3 + -4 + -6)
4
Calculate -2 + (-3 - (-3 + 1)).
-3
What is the value of -9 - (10 + -18 + -6)?
5
What is (-11 - -11) + 6 - -3?
9
What is the value of 2 + -3 - (8 + -5 + -6)?
2
What is the value of -4 + -3 + (-37 - -37)?
-7
What is the value of (-5 - 17 - -4) + 10?
-8
What is the value of 2 - (-1 - (-1 + -4))?
-2
Evaluate -10 + 6 + 0 + 4 + -1.
-1
What is 3 + (-6 - -1 - (-6 + -4))?
8
What is -6 + (-3 + 6 - -5)?
2
-3 - -5 - (-3 - -2 - -1)
2
What is 2 + 1 + -6 + 2 + 0?
-1
What is the value of -6 + 4 + 4 + -5 + 1?
-2
What is -2 - (-1 + 2) - (-7 - -8)?
-4
Evaluate 2 + -2 + (9 - 8).
1
Evaluate (18 - 3) + -16 + 8.
7
-6 + 11 + -7 - 2
-4
Calculate (-1 - -1) + 0 + (34 - 30).
4
Evaluate 2 - 9 - -2 - -6.
1
-1 + (1 - 2) - -4
2
Evaluate (0 - -1) + 20 + -14 + -12.
-5
What is 4 + (0 - 12 - -16)?
8
Evaluate 1 - (-1 + -2 - (-6 - 0)).
-2
What is 0 - ((-5 - 0) + 1)?
4
What is the value of (4 - 15) + (-4 - -11) + 2?
-2
Evaluate -2 + 0 + -5 + (6 - 4).
-5
Calculate -3 - ((-7 - -5) + -3).
2
What is the value of 0 + 1 - (0 + -2)?
3
Calculate 11 - (25 - 13) - (-1 + 5).
-5
Evaluate (-50 - -58) + 1 + -13.
-4
What is (3 - (-1 + 1)) + -7 - -3?
-1
2 + 3 + 1 + -2 + 1
5
6 + 3 + -1 + -6
2
What is the value of (8 - 13) + (-3 - -7) + 0?
-1
What is -4 + 7 + -4 - (-3 - -7)?
-5
Evaluate 7 + -5 + 1 + -2 + 2.
3
Evaluate -4 + 11 + -4 - (8 + 0).
-5
Evaluate 2 + -3 + -11 + 5.
-7
What is the value of (-1 - 0) + -3 + (10 - 5)?
1
What is (-6 + -5 - -15) + (-1 - 3)?
0
7 + -3 + 1 - (3 - 1)
3
What is the value of (-1 - 3) + -17 + 14 + 15?
8
Evaluate 3 - -6 - (-1 + 2).
8
-2 - (1 - 1) - -8
6
What is the value of -1 + 7 + -10 - -5?
1
What is the value of (3 - (4 + 1)) + (1 - 3)?
-4
-13 - -8 - (-3 - (4 + -9))
-7
Calculate -1 + 4 + -2 - -3.
4
Evaluate 5 - 0 - (-4 - -7 - -2).
0
Evaluate (2 - -1) + -25 + 21.
-1
What is 0 + (5 + -4 - 2)?
-1
-5 - (2 - (-4 + 10)) - 4
-5
What is the value of -6 - (-18 + 6) - 2?
4
Evaluate (-3 - -8) + -3 + -2 - 5.
-5
Calculate 7 - 3 - 3 - 8 - 0.
-7
Evaluate -7 + (-3 - -1 - -6) - 2.
-5
Calculate (-1 - (1 + -5)) + -4 + -1.
-2
What is the value of 13 - 14 - (0 + 2)?
-3
What is the value of (33 - 20) + (1 - 9) - 4?
1
-6 + 3 - -5 - 1 - -2
3
What is the value of 2 + (-1 - -6) + -10?
-3
-3 + (-2 - (-4 - 0)) - 5
-6
Evaluate 2 + (5 - 3) - 4 - -4.
4
What is 10 + -5 + -2 + 5?
8
1 + -6 + (7 - 2 - 3)
-3
1 + (4 - 6) + -4 + 2
-3
What is the value of (10 - 2) + (-3 - 0 - 0)?
5
-2 - -2 - (3 - (1 + 5))
3
What is 4 + -7 + 3 + -4 + 4?
0
What is 8 - (-3 - -2) - 9?
0
What is the value of 4 + (-2 - (2 + -4))?
4
What is the value of 5 - (-6 - -2 - -11)?
-2
Calculate -7 + 4 + 2 + -2.
-3
Evaluate 5 + (-7 - 3) + 0.
-5
What is (1 - (0 - -1) - -2) + 0?
2
Evaluate -8 - -5 - (-17 - -10).
4
Evaluate (-2 + 3 - (-1 + 0)) + 1.
3
-29 + 26 + (-1 - -5)
1
Evaluate (-1 - -1) + -3 + 6.
3
What is -18 + 16 + 0 + (5 - 11)?
-8
Calculate (9 - 0 - 8) + 3 + 0.
4
Evaluate (12 - -1) + (-138 - -118).
-7
What is the value of -11 - (-11 - -11) - (-6 - -3)?
-8
Calculate -1 + 9 + -3 - (4 + -3).
4
What is 9 + -4 + -2 + 2?
5
6 + -4 - 6 - -8
4
What is the value of (4 + 7 - 6) + -9?
-4
Calculate -5 - 1 - (35 - 33).
-8
-6 - (1 - -4 - 15)
4
Calculate (1 - 0 - 7) + 10 + -6.
-2
What is 5 - (-1 - (0 + -1))?
5
Evaluate (-1 + -3 - -4) + 2.
2
Calculate -7 + 3 + (7 - -1).
4
What is the value of 1 + (-3 - -2) - (6 - 4)?
-2
Evaluate 13 + -20 - (-4 - 0).
-3
97 + -93 - (3 + -4 + 2)
3
What is -71 + 72 - (2 - (1 - 3))?
-3
-2 + (-3 + 1 - (4 - 6))
-2
Calculate (19 - 19) + (-1 + -1 - -7).
5
What is (3 - 8) + (-1 - -5) + -2?
-3
What is -4 - (3 + -2 + -8 + 3)?
0
Calculate (-13 - (-5 + -8)) + 10.
10
Calculate 2 + 1 + 1 + -5 + 6.
5
1 - (5 - (0 - (-2 - 1)))
-1
What is (6 - 5) + -12 - (3 - 3)?
-11
What is 46 - 40 - (0 + 0)?
6
What is 1 + -1 - (1 - 1) - 0?
0
Evaluate -5 - ((-1 - 3) + (7 - 0)).
-8
Calculate -2 - (37 + -36 - (-1 + 1)).
-3
What is 3 + (8 + -4 - 5)?
2
Calculate (6 - 2) + -3 + 0.
1
What is the value of (5 - -8 - 1) + 7 + -12?
7
What is 9 + -9 - (3 - 11)?
8
7 + -17 - -5 - 8 - -3
-10
Evaluate -5 + -7 + (11 - 3).
-4
What is 3 + 1 + -8 + 12?
8
Calculate -3 - -7 - (0 + -1).
5
Evaluate 0 + -3 + (2 - 1) + 2.
0
4 + (-1 + -4 - 1) + 3
1
What is 16 - 10 - (6 - 2)?
2
Calculate 3 + -10 + (-1 - -4).
-4
1 - (-3 - ((5 - 2) + -3))
4
Calculate -1 + (-2 - -5) + (1 - 1).
2
Evaluate 0 - (3 - 9) - 5 - -2.
3
What is -10 - (2 - 6) - -4?
-2
Calculate (-55 - -54) + (1 - 5).
-5
Evaluate (2 - 6) + 1 - (11 - 12).
-2
Evaluate (-5 - -9) + -4 + 5.
5
Evaluate -8 + (2 - 1) + 166 + -157.
2
Calculate -7 - -7 - 12 - -9.
-3
What is the value of -3 + 1 - (2 - 8)?
4
Calculate -1 - ((-9 - -16) + -18).
10
What is -10 + 22 + -6 - (1 - 1)?
6
Calculate (1 - -3) + 11 + -8 + -3.
4
What is the value of (2 - 0) + (10 - 9) + -5?
-2
What is the value of (-2 + -2 - (-4 + -4)) + 4?
8
What is 2 + (0 - -3 - (5 - 1))?
1
What is -2 + -1 + 2 + 2?
1
Calculate 0 + 0 - ((-23 - -6) + 11).
6
What is (-2 - -6) + (-9 - -1)?
-4
Calculate -5 + -6 + -3 + 10.
-4
Calculate -3 + (-5 - -10 - (-1 + 4)).
-1
What is the value of -4 - (-5 + (14 - 1) + -5)?
-7
-2 + -3 + 6 + (-20 - -14)
-5
What is the value of 4 + -4 - (-4 + (-5 - -3))?
6
What is 7 + (1 - 3) - (-2 + 0)?
7
Calculate -3 + 0 + (-3 - 2) + 5.
-3
Evaluate -10 + 3 + (1 - -2).
-4
Calculate -24 + 14 + 10 + -11.
-11
What is the value of 1 - (-2 + -2 + 10 + -5)?
0
What is the value of 3 + -2 - (-4 - 0)?
5
Calculate -1 - (-3 + (1 - 2)) - 0.
3
Calculate (-3 + -2 - -6) + (-2 - 0).
-1
What is 2 - (-2 + (10 - 4))?
-2
-5 + 4 + 8 + -5 + 2
4
What is 28 + -44 + (-2 - -11)?
-7
Evaluate 6 + (-1 - 4) + 1.
2
What is the value of (5 - 5) + -5 + 10?
5
What is (2 - 0) + 5 + -5?
2
(9 - (24 + -7)) + 7
-1
Evaluate 0 + 3 - 2 - (-1 - 1).
3
-16 + 10 + 9 - 4
-1
Calculate -2 + (4 - (3 + 5)) - 3.
-9
-5 - (-6 - (-4 - 1))
-4
Calculate -19 - -17 - (-2 + -1).
1
What is 4 - (2 + (5 - (13 - 8)))?
2
Evaluate (1 - 0 - 4) + 17 + -15.
-1
What is (8 - (-5 - -13 - 3)) + 5?
8
Calculate 22 + 4 + -12 - 9.
5
What is the value of 12 - (8 + 1 + -3)?
6
Calculate -6 + 3 - ((7 - 4) + -9).
3
0 - (-3 + -3 + 3 - -4)
-1
What is the value of 5 + -4 - ((2 - 2) + -2)?
3
Calculate 1 + (2 - 6 - -10).
7
Calculate 3 + (-9 - (-1 - 6)).
1
Calculate 6 + 0 + -4 - (-2 - 1).
5
What is 12 + -12 + 14 + -7?
7
Calculate -1 + (0 - 2) - (-6 - 4).
7
Calculate (3 - 4 - -7) + (1 - 4).
3
What is the value of 2 - ((8 - -3) + -10)?
1
Evaluate -5 + 1 + 3 + -3.
-4
What is (10 - 5 - 4) + 4?
5
Evaluate -1 + (11 - 14) + 7 + -1.
2
What is -7 + 8 + 2 + -4?
-1
Evaluate 2 - 0 - (13 + (-11 - 1)).
1
2 - ((-3 - 1) + 5 - 2)
3
Evaluate 3 + (0 - 1) + -7 + 3.
-2
-3 + 7 - 1 - (4 - 2)
1
Calculate (-6 - 3) + (19 - 15).
-5
What is the value of (5 - -4) + -8 - 2?
-1
Evaluate (-4 - -2 - -2) + 8.
8
Evaluate -9 - -5 - -5 - -1.
2
Calculate 2 + (-2 - -2 - (2 - 1)).
1
Calculate 5 + -5 + 1 + (0 - 0).
1
(-4 - (-4 - 0)) + 2
2
Calculate (-1 - 8) + 53 + -44.
0
What is the value of (6 - -2) + (-42 - -36)?
2
What is -6 + 1 + -3 + 6?
-2
What is 15 + -8 + -7 + 4 - 2?
2
What is the value of (-1 - -14) + (-16 + 12 - 2)?
7
What is the value of (2 - (1 - 0)) + (-5 - 1)?
-5
0 - (3 - (5 + -2 - 4))
-4
Evaluate (12 - 12) + 0 + (1 - -1).
2
Evaluate -10 + 14 + (-2 - 2 - -1).
1
Evaluate (-10 - -9) + (6 - 2) + -1.
2
-5 + (-2 - -6) + -3
-4
Evaluate 0 + 1 + (-2 - -5) + -3.
1